59671
What are the prime factors of 132615432?
2, 3, 127, 14503
What are the prime factors of 133574610?
2, 3, 5, 13, 17, 20147
List the prime factors of 46956771.
3, 17, 19, 29, 557
List the prime factors of 526955435.
5, 271, 388897
List the prime factors of 880773407.
197, 4470931
List the prime factors of 144626399.
144626399
What are the prime factors of 1270196?
2, 103, 3083
List the prime factors of 3563155780.
2, 5, 178157789
What are the prime factors of 18195929?
137, 132817
List the prime factors of 64945914.
2, 3, 11, 19, 67, 773
List the prime factors of 124730987.
2243, 55609
What are the prime factors of 5485602043?
19, 288715897
List the prime factors of 755995961.
7, 3733, 4133
List the prime factors of 179459690.
2, 5, 181, 99149
What are the prime factors of 287610579?
3, 31956731
What are the prime factors of 1172150750?
2, 5, 37, 126719
List the prime factors of 152239886.
2, 76119943
What are the prime factors of 70036750?
2, 5, 7, 31, 1291
What are the prime factors of 2387120429?
2371, 1006799
What are the prime factors of 218513851?
19, 83, 138563
List the prime factors of 488785401.
3, 13, 29, 31, 1549
What are the prime factors of 2216315671?
2903, 763457
List the prime factors of 155054313.
3, 17228257
What are the prime factors of 359931356?
2, 2591, 34729
List the prime factors of 57451854.
2, 3, 193, 49613
List the prime factors of 51237573.
3, 17079191
List the prime factors of 3555739101.
3, 43, 53, 520073
What are the prime factors of 40970279?
7, 379, 15443
What are the prime factors of 7398916?
2, 7, 23, 11489
List the prime factors of 7140516.
2, 3, 595043
What are the prime factors of 2680304?
2, 11, 97, 157
List the prime factors of 229196729.
359, 638431
List the prime factors of 1109900462.
2, 11, 50450021
What are the prime factors of 54045859?
7, 577, 13381
List the prime factors of 516998953.
89, 5808977
List the prime factors of 6331425753.
3, 17, 124145603
List the prime factors of 319051581.
3, 193, 551039
List the prime factors of 13916645.
5, 19, 263, 557
List the prime factors of 43355369.
71, 610639
What are the prime factors of 34807757?
34807757
What are the prime factors of 877760939?
11, 31, 83, 31013
List the prime factors of 43596497.
7, 83, 75037
List the prime factors of 8091576187.
443, 563, 32443
What are the prime factors of 5897682668?
2, 31, 47561957
What are the prime factors of 3270509570?
2, 5, 47, 107, 65033
List the prime factors of 721165876.
2, 107, 787, 2141
List the prime factors of 31955389.
31, 97, 10627
What are the prime factors of 238877536?
2, 7464923
What are the prime factors of 937765889?
937765889
List the prime factors of 13136438.
2, 7, 211, 4447
List the prime factors of 1030185355.
5, 101, 2039971
What are the prime factors of 105662201?
3343, 31607
List the prime factors of 3127719147.
3, 7, 23, 925087
List the prime factors of 92658124.
2, 13, 71, 25097
List the prime factors of 1117894703.
9371, 119293
List the prime factors of 294061125.
3, 5, 433, 1811
What are the prime factors of 695646212?
2, 557, 312229
What are the prime factors of 911834580?
2, 3, 5, 15197243
What are the prime factors of 656611905?
3, 5, 71, 616537
What are the prime factors of 302514472?
2, 13, 2908793
List the prime factors of 40639485.
3, 5, 229, 11831
What are the prime factors of 249778612?
2, 53, 1178201
What are the prime factors of 1401506536?
2, 47, 67, 55633
What are the prime factors of 16746490?
2, 5, 1674649
List the prime factors of 1131468064.
2, 239, 337, 439
List the prime factors of 163668099.
3, 7, 7793719
List the prime factors of 1041706389.
3, 347235463
List the prime factors of 49467433.
17, 2909849
What are the prime factors of 1450736605?
5, 31, 2621, 3571
List the prime factors of 27427284.
2, 3, 761869
List the prime factors of 101785395.
3, 5, 67, 101279
List the prime factors of 4268914486.
2, 2134457243
What are the prime factors of 92460232?
2, 19, 347, 1753
What are the prime factors of 1328037679?
419, 3169541
What are the prime factors of 17522022?
2, 3, 7, 417191
What are the prime factors of 1276485086?
2, 17, 149, 251971
List the prime factors of 3342095262.
2, 3, 11, 617, 829
List the prime factors of 58440325.
5, 2337613
List the prime factors of 345290118.
2, 3, 7043, 8171
List the prime factors of 2084667309.
3, 231629701
List the prime factors of 382217327.
433, 882719
What are the prime factors of 31544184?
2, 3, 7, 187763
List the prime factors of 66013290.
2, 3, 5, 7, 14969
List the prime factors of 126159811.
126159811
What are the prime factors of 747376274?
2, 373688137
What are the prime factors of 4095170?
2, 5, 409517
List the prime factors of 42199211.
43, 981377
What are the prime factors of 6399742809?
3, 173, 389, 31699
What are the prime factors of 813152912?
2, 11, 13, 32309
What are the prime factors of 1436420142?
2, 3, 37, 26627
List the prime factors of 642084014.
2, 11, 13, 37, 47, 1291
What are the prime factors of 36433193?
17, 29, 67, 1103
What are the prime factors of 104620206?
2, 3, 3011, 5791
What are the prime factors of 283365688?
2, 193, 183527
What are the prime factors of 277811537?
3643, 76259
What are the prime factors of 103513094?
2, 281, 184187
What are the prime factors of 3604850571?
3, 7, 61, 89, 4517
What are the prime factors of 5556945905?
5, 7, 7927, 20029
What are the prime factors of 925510944?
2, 3, 9640739
What are the prime factors of 732472189?
4597, 159337
List the prime factors of 1822805114.
2, 13, 70107889
List the prime factors of 5424167450.
2, 5, 13, 8344873
What are the prime factors of 88088495?
5, 11, 1601609
List the prime factors of 1826865725.
5, 73074629
What are the prime factors of 4646542888?
2, 13, 97, 317, 1453
What are the prime factors of 57944950?
2, 5, 7, 67, 353
What are the prime factors of 692077066?
2, 283, 1222751
List the prime factors of 961710057.
3, 7, 11, 3823
List the prime factors of 455951120.
2, 5, 5699389
What are the prime factors of 448100221?
59, 67, 113357
What are the prime factors of 105792211?
7, 947, 15959
What are the prime factors of 33100041?
3, 13, 311, 2729
What are the prime factors of 15610245?
3, 5, 7, 148669
List the prime factors of 671272206.
2, 3, 11, 113, 90007
List the prime factors of 157758885.
3, 5, 3505753
List the prime factors of 6368454833.
13, 47, 10423003
What are the prime factors of 48149738?
2, 7, 13, 264559
List the prime factors of 3612777951.
3, 1204259317
List the prime factors of 85503406.
2, 42751703
List the prime factors of 74052232.
2, 41, 225769
List the prime factors of 33068178.
2, 3, 11, 13, 29, 443
What are the prime factors of 51477779?
263, 195733
List the prime factors of 161452342.
2, 41, 461, 4271
What are the prime factors of 16120674?
2, 3, 487, 613
What are the prime factors of 31834993?
31834993
List the prime factors of 4239520.
2, 5, 26497
List the prime factors of 166839968.
2, 2083, 2503
List the prime factors of 4130233.
4130233
List the prime factors of 224820267.
3, 7, 29, 59, 6257
List the prime factors of 21447470.
2, 5, 11, 194977
List the prime factors of 4406851761.
3, 13, 112996199
What are the prime factors of 68395536?
2, 3, 11, 37, 389
List the prime factors of 219944166.
2, 3, 13, 2819797
List the prime factors of 50331597.
3, 16777199
List the prime factors of 486501774.
2, 3, 11, 131, 56269
What are the prime factors of 128503263?
3, 7, 29, 211007
List the prime factors of 5501805735.
3, 5, 23, 127, 199, 631
What are the prime factors of 183038365?
5, 36607673
What are the prime factors of 689638411?
7, 11, 814213
What are the prime factors of 315419704?
2, 131, 300973
What are the prime factors of 1614989551?
7, 23, 10030991
List the prime factors of 26134350.
2, 3, 5, 11, 47, 337
What are the prime factors of 485542528?
2, 751, 5051
List the prime factors of 39830550.
2, 3, 5, 131, 2027
What are the prime factors of 1070472950?
2, 5, 2969, 7211
What are the prime factors of 363858397?
7, 51979771
List the prime factors of 87992197.
87992197
What are the prime factors of 243177742?
2, 311, 390961
What are the prime factors of 3704706913?
24509, 151157
List the prime factors of 82833245.
5, 11, 1506059
What are the prime factors of 22543698?
2, 3, 3757283
What are the prim